{"id":37,"date":"2024-07-29T13:12:43","date_gmt":"2024-07-29T13:12:43","guid":{"rendered":"https:\/\/rafaelmottola.com\/horus\/?page_id=37"},"modified":"2024-10-27T20:24:57","modified_gmt":"2024-10-27T20:24:57","slug":"atuacao","status":"publish","type":"page","link":"https:\/\/rafaelmottola.com\/horus\/atuacao\/","title":{"rendered":"Atua\u00e7\u00e3o"},"content":{"rendered":"<div id='av_section_1'  class='avia-section av-5g3wl-c1afe5413b9dce20f7b0b29d96d4578a main_color avia-section-default avia-no-border-styling  avia-builder-el-0  el_before_av_section  avia-builder-el-first  avia-bg-style-scroll av-minimum-height av-minimum-height-custom  container_wrap fullsize'   data-av_minimum_height_px='10'><div class='container av-section-cont-open' style='height:10px'><main  role=\"main\" itemprop=\"mainContentOfPage\"  class='template-page content  av-content-full alpha units'><div class='post-entry post-entry-type-page post-entry-37'><div class='entry-content-wrapper clearfix'>\n\n<style type=\"text\/css\" data-created_by=\"avia_inline_auto\" id=\"style-css-av-4wsot-a552b08d857305c20d4c5fee77b77490\">\n#top .av-special-heading.av-4wsot-a552b08d857305c20d4c5fee77b77490{\npadding-bottom:5px;\n}\nbody .av-special-heading.av-4wsot-a552b08d857305c20d4c5fee77b77490 .av-special-heading-tag .heading-char{\nfont-size:25px;\n}\n.av-special-heading.av-4wsot-a552b08d857305c20d4c5fee77b77490 .av-subheading{\nfont-size:15px;\n}\n<\/style>\n<div  class='av-special-heading av-4wsot-a552b08d857305c20d4c5fee77b77490 av-special-heading-h3  avia-builder-el-1  el_before_av_textblock  avia-builder-el-first '><h3 class='av-special-heading-tag'  itemprop=\"headline\"  >NOSSA ATUA\u00c7\u00c3O<\/h3><div class=\"special-heading-border\"><div class=\"special-heading-inner-border\"><\/div><\/div><\/div>\n<section  class='av_textblock_section av-m0nu054l-a72ec48ac6b2ef043c86fd41746df6f4'  itemscope=\"itemscope\" itemtype=\"https:\/\/schema.org\/CreativeWork\" ><div class='avia_textblock'  itemprop=\"text\" ><p style=\"text-align: justify;\">Nossas <strong>4 unidades de neg\u00f3cio<\/strong> refletem nossa atua\u00e7\u00e3o estrat\u00e9gica, operacional e tecnol\u00f3gica atrav\u00e9s de uma plataforma de e-learning moderna. Em breve, nossa frente HFC auxiliar\u00e1 profissionais que desejam atuar em consultoria organizacional a sair da inseguran\u00e7a e conquistar autoridade atrav\u00e9s de um m\u00e9todo exclusivo, a partir de nossa experi\u00eancia e reputa\u00e7\u00e3o constru\u00edda em mais de 20 anos de consultoria organizacional nos mais diversos setores e segmentos do mercado.<\/p>\n<\/div><\/section>\n\n<\/div><\/div><\/main><!-- close content main element --><\/div><\/div>\n<style type=\"text\/css\" data-created_by=\"avia_inline_auto\" id=\"style-css-av-m29dpaix-2583fca465243d0d83315bd3bd1faf34\">\n.avia-section.av-m29dpaix-2583fca465243d0d83315bd3bd1faf34{\nbackground-color:#ede0ce;\nbackground-image:url(https:\/\/rafaelmottola.com\/horus\/wp-content\/uploads\/2024\/10\/ftf.jpg);\nbackground-repeat:no-repeat;\nbackground-position:100% 100%;\nbackground-attachment:scroll;\n}\n.avia-section.av-m29dpaix-2583fca465243d0d83315bd3bd1faf34 .av-section-color-overlay{\nopacity:0.8;\nbackground-color:#ede0ce;\n}\n<\/style>\n<div id='av_section_2'  class='avia-section av-m29dpaix-2583fca465243d0d83315bd3bd1faf34 main_color avia-section-default avia-no-border-styling  avia-builder-el-3  el_after_av_section  avia-builder-el-last  avia-full-stretch avia-bg-style-scroll av-section-color-overlay-active av-minimum-height av-minimum-height-custom  container_wrap fullsize'  data-section-bg-repeat='stretch' data-av_minimum_height_px='10'><div class=\"av-section-color-overlay-wrap\"><div class=\"av-section-color-overlay\"><\/div><div class='container av-section-cont-open' style='height:10px'><div class='template-page content  av-content-full alpha units'><div class='post-entry post-entry-type-page post-entry-37'><div class='entry-content-wrapper clearfix'>\n<div class='flex_column av-m29doyc6-084a380da0913e33d5a82328341f6a5c av_one_fourth  avia-builder-el-4  el_before_av_one_fourth  avia-builder-el-first  first flex_column_div '     ><p>\n<style type=\"text\/css\" data-created_by=\"avia_inline_auto\" id=\"style-css-av-534gt-a0e643d9a546f92fb83dea0aeac56cae\">\n#top #wrap_all .iconbox.av-534gt-a0e643d9a546f92fb83dea0aeac56cae .iconbox_content_title{\ncolor:#996909;\n}\n.iconbox.av-534gt-a0e643d9a546f92fb83dea0aeac56cae .iconbox_content_container{\ncolor:#000033;\n}\n<\/style>\n<article  class='iconbox iconbox_top av-534gt-a0e643d9a546f92fb83dea0aeac56cae  avia-builder-el-5  el_before_av_textblock  avia-builder-el-first  main_color'  itemscope=\"itemscope\" itemtype=\"https:\/\/schema.org\/CreativeWork\" ><div class=\"iconbox_content\"><header class=\"entry-content-header\"><a href='https:\/\/rafaelmottola.com\/horus\/solucoes\/' title='HSE'  class=\"iconbox_icon heading-color\" aria-hidden='true' data-av_icon='\ue8c6' data-av_iconfont='entypo-fontello'><\/a><h3 class='iconbox_content_title '  itemprop=\"headline\" ><a href='https:\/\/rafaelmottola.com\/horus\/solucoes\/' title='HSE' >HSE<\/a><\/h3><\/header><div class='iconbox_content_container av_inherit_color'  itemprop=\"text\" ><p>HORUS <strong>Solu\u00e7\u00f5es Estrat\u00e9gicas<\/strong><\/p>\n<\/div><\/div><footer class=\"entry-footer\"><\/footer><\/article><br \/>\n\n<style type=\"text\/css\" data-created_by=\"avia_inline_auto\" id=\"style-css-av-4mtyx-6d91e2bf564c2eb1f93d81aa15161dfc\">\n#top .av_textblock_section.av-4mtyx-6d91e2bf564c2eb1f93d81aa15161dfc .avia_textblock{\nfont-size:10px;\ncolor:#000033;\ntext-align:center;\n}\n<\/style>\n<section  class='av_textblock_section av-4mtyx-6d91e2bf564c2eb1f93d81aa15161dfc'  itemscope=\"itemscope\" itemtype=\"https:\/\/schema.org\/CreativeWork\" ><div class='avia_textblock av_inherit_color'  itemprop=\"text\" ><p style=\"text-align: center;\"><a href=\"https:\/\/rafaelmottola.com\/horus\/solucoes\/#toggle-id-1\">Consultoria<\/a><\/p>\n<p style=\"text-align: center;\"><a href=\"https:\/\/rafaelmottola.com\/horus\/solucoes\/#toggle-id-2\">Diagn\u00f3sticos Espec\u00edficos<\/a><\/p>\n<p style=\"text-align: center;\"><a href=\"https:\/\/rafaelmottola.com\/horus\/solucoes\/#toggle-id-3\">Mentoria<\/a><\/p>\n<p style=\"text-align: center;\"><a href=\"https:\/\/rafaelmottola.com\/horus\/solucoes\/#toggle-id-4\">Treinamentos<\/a><\/p>\n<p style=\"text-align: center;\"><a href=\"https:\/\/rafaelmottola.com\/horus\/solucoes\/#toggle-id-5\">Auditoria<\/a><\/p>\n<p style=\"text-align: center;\"><a href=\"https:\/\/rafaelmottola.com\/horus\/solucoes\/#toggle-id-6\">Desenvolvimento de Lideran\u00e7as<\/a><\/p>\n<p style=\"text-align: center;\"><a href=\"https:\/\/rafaelmottola.com\/horus\/solucoes\/#toggle-id-7\">Desenvolvimento de Fornecedores<\/a><\/p>\n<p style=\"text-align: center;\"><a href=\"https:\/\/rafaelmottola.com\/horus\/solucoes\/#toggle-id-8\">Avalia\u00e7\u00e3o de Redes de Distribui\u00e7\u00e3o<\/a><\/p>\n<p style=\"text-align: center;\"><a href=\"https:\/\/rafaelmottola.com\/horus\/solucoes\/#toggle-id-9\">Workshop e Semin\u00e1rios<\/a><\/p>\n<p style=\"text-align: center;\"><a href=\"https:\/\/rafaelmottola.com\/horus\/solucoes\/#toggle-id-10\">Palestras<\/a><\/p>\n<\/div><\/section><\/p><\/div><div class='flex_column av-3v4il-785edddb50e01ff76037e4e46525881e av_one_fourth  avia-builder-el-7  el_after_av_one_fourth  el_before_av_one_fourth  flex_column_div '     ><style type=\"text\/css\" data-created_by=\"avia_inline_auto\" id=\"style-css-av-351xp-a3e15450b2b64008f5c9d368ae7b0de5\">\n#top #wrap_all .iconbox.av-351xp-a3e15450b2b64008f5c9d368ae7b0de5 .iconbox_content_title{\ncolor:#996909;\n}\n.iconbox.av-351xp-a3e15450b2b64008f5c9d368ae7b0de5 .iconbox_content_container{\ncolor:#000033;\n}\n<\/style>\n<article  class='iconbox iconbox_top av-351xp-a3e15450b2b64008f5c9d368ae7b0de5  avia-builder-el-8  avia-builder-el-no-sibling  main_color'  itemscope=\"itemscope\" itemtype=\"https:\/\/schema.org\/CreativeWork\" ><div class=\"iconbox_content\"><header class=\"entry-content-header\"><a href='https:\/\/rafaelmottola.com\/horus\/hso\/' title='HSO'  class=\"iconbox_icon heading-color\" aria-hidden='true' data-av_icon='\ue80b' data-av_iconfont='entypo-fontello'><\/a><h3 class='iconbox_content_title '  itemprop=\"headline\" ><a href='https:\/\/rafaelmottola.com\/horus\/hso\/' title='HSO' >HSO<\/a><\/h3><\/header><div class='iconbox_content_container av_inherit_color'  itemprop=\"text\" ><p>HORUS <strong>Solu\u00e7\u00f5es Operacionais<\/strong><\/p>\n<\/div><\/div><footer class=\"entry-footer\"><\/footer><\/article><\/div><div class='flex_column av-a8ut-519c0b64c430375c10b4ed8674278a54 av_one_fourth  avia-builder-el-9  el_after_av_one_fourth  el_before_av_one_fourth  flex_column_div '     ><style type=\"text\/css\" data-created_by=\"avia_inline_auto\" id=\"style-css-av-8k7h-680d56d6816f7589ef3d76ba6e6e2fdf\">\n#top #wrap_all .iconbox.av-8k7h-680d56d6816f7589ef3d76ba6e6e2fdf .iconbox_content_title{\ncolor:#996909;\n}\n.iconbox.av-8k7h-680d56d6816f7589ef3d76ba6e6e2fdf .iconbox_content_container{\ncolor:#000033;\n}\n<\/style>\n<article  class='iconbox iconbox_top av-8k7h-680d56d6816f7589ef3d76ba6e6e2fdf  avia-builder-el-10  avia-builder-el-no-sibling  main_color'  itemscope=\"itemscope\" itemtype=\"https:\/\/schema.org\/CreativeWork\" ><div class=\"iconbox_content\"><header class=\"entry-content-header\"><a href='https:\/\/rafaelmottola.com\/horus\/hrs\/' title='HRS'  class=\"iconbox_icon heading-color\" aria-hidden='true' data-av_icon='\ue8c9' data-av_iconfont='entypo-fontello'><\/a><h3 class='iconbox_content_title '  itemprop=\"headline\" ><a href='https:\/\/rafaelmottola.com\/horus\/hrs\/' title='HRS' >HRS<\/a><\/h3><\/header><div class='iconbox_content_container av_inherit_color'  itemprop=\"text\" ><p>HRS \u2013 HRS Academy<\/p>\n<\/div><\/div><footer class=\"entry-footer\"><\/footer><\/article><\/div><div class='flex_column av-1l6z9-96d80ba54d325d8a1bacfc06ceb76660 av_one_fourth  avia-builder-el-11  el_after_av_one_fourth  avia-builder-el-last  flex_column_div '     ><style type=\"text\/css\" data-created_by=\"avia_inline_auto\" id=\"style-css-av-37dt-4e8b1c2a741467b43f03b14fe7cdbe74\">\n#top #wrap_all .iconbox.av-37dt-4e8b1c2a741467b43f03b14fe7cdbe74 .iconbox_content_title{\ncolor:#996909;\n}\n.iconbox.av-37dt-4e8b1c2a741467b43f03b14fe7cdbe74 .iconbox_content_container{\ncolor:#000033;\n}\n<\/style>\n<article  class='iconbox iconbox_top av-37dt-4e8b1c2a741467b43f03b14fe7cdbe74  avia-builder-el-12  avia-builder-el-no-sibling  main_color'  itemscope=\"itemscope\" itemtype=\"https:\/\/schema.org\/CreativeWork\" ><div class=\"iconbox_content\"><header class=\"entry-content-header\"><a href='https:\/\/rafaelmottola.com\/horus\/hse\/' title='HFC'  class=\"iconbox_icon heading-color\" aria-hidden='true' data-av_icon='\ue80c' data-av_iconfont='entypo-fontello'><\/a><h3 class='iconbox_content_title '  itemprop=\"headline\" ><a href='https:\/\/rafaelmottola.com\/horus\/hse\/' title='HFC' >HFC<\/a><\/h3><\/header><div class='iconbox_content_container av_inherit_color'  itemprop=\"text\" ><p>HORUS <strong>Forma\u00e7\u00e3o de Consultores<\/strong><\/p>\n<\/div><\/div><footer class=\"entry-footer\"><\/footer><\/article><\/div>\n","protected":false},"excerpt":{"rendered":"","protected":false},"author":1,"featured_media":0,"parent":0,"menu_order":0,"comment_status":"closed","ping_status":"closed","template":"","meta":{"footnotes":""},"class_list":["post-37","page","type-page","status-publish","hentry"],"_links":{"self":[{"href":"https:\/\/rafaelmottola.com\/horus\/wp-json\/wp\/v2\/pages\/37","targetHints":{"allow":["GET"]}}],"collection":[{"href":"https:\/\/rafaelmottola.com\/horus\/wp-json\/wp\/v2\/pages"}],"about":[{"href":"https:\/\/rafaelmottola.com\/horus\/wp-json\/wp\/v2\/types\/page"}],"author":[{"embeddable":true,"href":"https:\/\/rafaelmottola.com\/horus\/wp-json\/wp\/v2\/users\/1"}],"replies":[{"embeddable":true,"href":"https:\/\/rafaelmottola.com\/horus\/wp-json\/wp\/v2\/comments?post=37"}],"version-history":[{"count":30,"href":"https:\/\/rafaelmottola.com\/horus\/wp-json\/wp\/v2\/pages\/37\/revisions"}],"predecessor-version":[{"id":221,"href":"https:\/\/rafaelmottola.com\/horus\/wp-json\/wp\/v2\/pages\/37\/revisions\/221"}],"wp:attachment":[{"href":"https:\/\/rafaelmottola.com\/horus\/wp-json\/wp\/v2\/media?parent=37"}],"curies":[{"name":"wp","href":"https:\/\/api.w.org\/{rel}","templated":true}]}}